e
Is 4 a factor of 2416?
True
Is 10 a factor of 13669394?
False
Does 49 divide 584991?
False
Is 1433292 a multiple of 151?
True
Is 128815 a multiple of 3?
False
Is 2460224 a multiple of 416?
True
Does 22 divide 13437408?
False
Does 350 divide 97650?
True
Does 1563 divide 2925936?
True
Is 3 a factor of 6109?
False
Does 12 divide 76522?
False
Is 9 a factor of 310799?
False
Does 9 divide 29210?
False
Does 662 divide 1252504?
True
Is 19675 a multiple of 366?
False
Is 6 a factor of 17715?
False
Is 78 a factor of 34840?
False
Is 11000 a multiple of 25?
True
Does 7 divide 9082669?
False
Is 4742780 a multiple of 5?
True
Is 509 a factor of 572318?
False
Is 8 a factor of 1108632?
True
Is 11 a factor of 2107754?
True
Is 90205 a multiple of 95?
False
Is 3434406 a multiple of 9?
False
Is 2836424 a multiple of 789?
False
Does 6 divide 99444?
True
Is 110 a factor of 2345411?
False
Does 15 divide 1113570?
True
Is 371659 a multiple of 11?
False
Is 345483 a multiple of 13?
False
Is 51 a factor of 9231099?
False
Does 13 divide 6030?
False
Is 1458661 a multiple of 11?
False
Is 8960827 a multiple of 333?
False
Does 3 divide 1109340?
True
Does 7 divide 856716?
True
Does 30 divide 3670800?
True
Is 2145078 a multiple of 568?
False
Is 746850 a multiple of 453?
False
Is 17 a factor of 1505573?
False
Does 47 divide 813006?
True
Is 433762 a multiple of 8?
False
Is 314028 a multiple of 26?
True
Does 51 divide 10489323?
True
Is 220700 a multiple of 50?
True
Is 1081288 a multiple of 57?
False
Is 36822 a multiple of 114?
True
Is 33 a factor of 85371?
True
Is 523 a factor of 3322360?
False
Is 906 a factor of 463267?
False
Is 33706 a multiple of 12?
False
Is 461 a factor of 6649003?
True
Is 61 a factor of 65357?
False
Is 677082 a multiple of 141?
True
Is 596 a factor of 408276?
False
Does 59 divide 70719?
False
Is 20610 a multiple of 18?
True
Does 13 divide 1653041?
True
Is 16 a factor of 25412018?
False
Does 15 divide 36445?
False
Is 14 a factor of 570346?
True
Is 5697688 a multiple of 599?
True
Is 21238 a multiple of 315?
False
Is 4366513 a multiple of 62?
False
Does 81 divide 629856?
True
Does 13 divide 132093?
True
Is 4974417 a multiple of 23?
True
Is 31 a factor of 10332579?
True
Does 37 divide 252599?
True
Is 1442 a factor of 30346572?
False
Is 1077 a factor of 16390391?
False
Does 107 divide 17287134?
True
Is 2186068 a multiple of 47?
False
Does 80 divide 594515?
False
Does 2 divide 785433?
False
Does 101 divide 221998?
True
Is 219528 a multiple of 24?
True
Is 30 a factor of 158891?
False
Does 766 divide 543480?
False
Is 21324 a multiple of 12?
True
Is 12 a factor of 40339838?
False
Is 19 a factor of 174004?
False
Does 64 divide 378808?
False
Is 833632 a multiple of 24?
False
Does 2 divide 109064?
True
Does 887 divide 332176?
False
Is 17 a factor of 152420?
False
Is 12 a factor of 10102008?
True
Does 38 divide 53309?
False
Is 5546753 a multiple of 6?
False
Does 127 divide 63311?
False
Does 41 divide 6094329?
False
Is 11 a factor of 624822?
True
Is 1185755 a multiple of 111?
False
Is 1074377 a multiple of 6?
False
Is 48 a factor of 1528664?
False
Does 40 divide 768795?
False
Is 7987849 a multiple of 14?
False
Does 32 divide 337360?
False
Is 1784991 a multiple of 111?
True
Does 345 divide 4092045?
True
Is 50 a factor of 377454?
False
Does 68 divide 3265988?
False
Is 31 a factor of 34492?
False
Does 102 divide 3685056?
True
Does 61 divide 6957062?
False
Does 6 divide 147005?
False
Is 384888 a multiple of 696?
True
Is 58296 a multiple of 6?
True
Is 1390040 a multiple of 124?
True
Is 8083553 a multiple of 719?
False
Is 23 a factor of 277035?
True
Is 645624 a multiple of 63?
True
Is 111 a factor of 2549559?
True
Does 313 divide 1754365?
True
Is 76328 a multiple of 8?
True
Does 14 divide 7848207?
False
Is 1356702 a multiple of 14?
False
Is 831 a factor of 1380291?
True
Does 34 divide 14023851?
False
Does 336 divide 3916876?
False
Does 26 divide 25046?
False
Is 6713556 a multiple of 113?
True
Is 111 a factor of 21534?
True
Does 19 divide 355505?
False
Is 485379 a multiple of 419?
False
Is 71 a factor of 666093?
False
Is 1389216 a multiple of 87?
True
Is 597440 a multiple of 40?
True
Is 42 a factor of 1530774?
True
Is 3 a factor of 86142?
True
Is 375 a factor of 2053364?
False
Is 4 a factor of 11931653?
False
Does 5 divide 811615?
True
Is 893 a factor of 6934145?
True
Is 16 a factor of 35104?
True
Does 68 divide 968776?
False
Does 2 divide 38734?
True
Is 2468303 a multiple of 25?
False
Is 16725 a multiple of 80?
False
Is 260 a factor of 131300?
True
Is 19 a factor of 208490?
False
Does 391 divide 1426215?
False
Is 321200 a multiple of 16?
True
Does 96 divide 5766432?
True
Is 5 a factor of 13158?
False
Is 26 a factor of 9676?
False
Does 15 divide 42181?
False
Does 169 divide 2628964?
True
Is 122836 a multiple of 107?
True
Is 11 a factor of 8833?
True
Is 263 a factor of 50233?
True
Does 4 divide 1823874?
False
Is 232765 a multiple of 13?
True
Does 7 divide 843860?
False
Is 301448 a multiple of 392?
True
Is 20 a factor of 68899?
False
Does 94 divide 128216?
True
Is 2614060 a multiple of 20?
True
Is 26 a factor of 2317605?
False
Is 480036 a multiple of 3?
True
Does 307 divide 484117?
False
Is 53 a factor of 1061274?
False
Is 261 a factor of 788481?
True
Is 238 a factor of 54155?
False
Does 23 divide 28566?
True
Is 263136 a multiple of 16?
True
Is 939038 a multiple of 47?
False
Is 89 a factor of 522663?
False
Is 296263 a multiple of 7?
False
Is 8 a factor of 66424?
True
Is 450 a factor of 883175?
False
Is 2 a factor of 12164?
True
Is 11647275 a multiple of 75?
True
Is 141 a factor of 381405?
True
Does 105 divide 6598255?
False
Is 26 a factor of 26754?
True
Does 2 divide 9911?
False
Does 31 divide 3003001?
True
Is 4 a factor of 590896?
True
Does 32 divide 77600?
True
Is 63335 a multiple of 239?
True
Is 4135 a multiple of 30?
False
Does 14 divide 14547?
False
Is 179250 a multiple of 32?
False
Is 1215 a factor of 2427570?
True
Is 28 a factor of 240436?
True
Is 2898930 a multiple of 355?
True
Does 18 divide 30017?
False
Is 12 a factor of 3849751?
False
Is 18 a factor of 291453?
False
Is 677 a factor of 511705?
False
Is 127 a factor of 622031?
False
Is 341 a factor of 1763311?
True
Is 624675 a multiple of 426?
False
Does 8 divide 155748?
False
Is 96921 a multiple of 267?
True
Does 762 divide 1414272?
True
Is 209 a factor of 5630669?
True
Is 3081437 a multiple of 17?
True
Is 971043 a multiple of 131?
False
Is 6578054 a multiple of 21?
False
Does 5 divide 2709752?
False
Does 4 divide 254226?
False
Does 109 divide 137762?
False
Is 28 a factor of 197778?
False
Does 57 divide 658553?
False
Does 2 divide 194670?
True
Is 96 a factor of 36851?
False
Is 637 a factor of 12694773?
True
Is 5139990 a multiple of 135?
True
Does 971 divide 2456630?
True
Does 353 divide 3669082?
True
Does 17 divide 505892?
False
Is 25 a factor of 2123925?
True
Is 10 a factor of 173131?
False
Is 15 a factor of 45123?
False
Is 217000 a multiple of 31?
True
Is 265 a factor of 3280984?
False
Does 81 divide 230324?
False
Is 9 a factor of 194755?
False
Does 17 divide 92384?
False
Is 125507 a multiple of 27?
False
Is 818 a factor of 18821304?
False
Does 34 divide 230214?
True
Is 23148 a multiple of 643?
True
Is 1291830 a multiple of 255?
True
Is 123555 a multiple of 15?
True
Is 3636224 a multiple of 67?
True
Does 37 divide 50497?
False
Is 345073 a multiple of 104?
False
Does 17 divide 25404701?
False
Is 4 a factor of 8030?
False
Is 214 a factor of 180830?
True
Is 10 a factor of 1540522?
False
Does 35 divide 957845?
True
Is 2154768 a multiple of 48?
True
Is 3040256 a multiple of 6?
False
Is 5416 a multiple of 35?
False
Is 56 a factor of 1105048?
True
Is 155430 a multiple of 11?
True
Is 94 a factor of 9682940?
True
Is 19775 a multiple of 324?
False
Is 642977 a multiple of 94?
False
Is 3019536 a multiple of 458?
False
Does 26 divide 26546?
True
Does 309 divide 1710603?
False
Is 6 a factor of 57609?
False
Is 220031 even?
False
Does 185 divide 1463181?
False
Is 5 a factor of 7487?
False
Is 1381004 a multiple of 254?
False
Is 1682450 a multiple of 23?
True
Is 86244 a multiple of 6?
True
Does 23 divide 9723553?
False
Does 238 divide 2898840?
True
Is 102900 a multiple of 100?
True
Is 141 a factor of 347482?
False
Is 516697 a multi